u**2 + 1313*u - 19477. Determine t(15).
-7
Let j(z) = -19*z - 671. Give j(-36).
13
Let n(x) = -380*x + 6745. Calculate n(18).
-95
Let w(o) = 7*o**3 + 121*o**2 + 37*o + 73. Determine w(-17).
22
Let f(x) = x**2 + 45*x + 368. Determine f(-35).
18
Let r(d) = 2*d**3 - 11*d**2 - 18*d - 2. Give r(7).
19
Let b(o) = -o**3 + 3*o**2 + 2*o - 12. What is b(2)?
-4
Let x(o) = 5*o**2 - 47*o + 80. What is x(2)?
6
Let s(p) = 219*p + 1757. Calculate s(-8).
5
Let k(d) = -2*d**2 + 3*d + 28. Calculate k(6).
-26
Let u(w) = 27*w**2 + 11*w + 13. Determine u(-2).
99
Let c(b) = -b**3 - 21*b**2 - 23*b + 85. Calculate c(-20).
145
Let p(b) = -1240*b + 3809. Determine p(3).
89
Let v(g) = -116*g + 55. Calculate v(1).
-61
Let l(i) = -i**2 + 54*i - 18. What is l(53)?
35
Let k(d) = 2*d**2 + 871*d - 2628. Give k(3).
3
Let t(k) = 41*k + 190. Determine t(-8).
-138
Let u(q) = -86*q - 577. What is u(-8)?
111
Let z(s) = -1197*s + 5983. What is z(5)?
-2
Let q(l) = -54*l**2 + 22*l + 7. Determine q(-2).
-253
Let z(j) = 17*j**3 - 5*j**2 - 12*j - 12. What is z(-2)?
-144
Let x(q) = 33*q**3 - 21*q**2 - 21*q - 2. What is x(-1)?
-35
Let c(p) = 63*p - 1645. Calculate c(26).
-7
Let r(c) = c**2 + 301*c + 3104. Calculate r(-10).
194
Let z(l) = -6*l**2 + 33*l - 13. What is z(5)?
2
Let d(s) = 255*s**2 - 1038*s + 4. Calculate d(4).
-68
Let r(q) = -q**3 + 12*q**2 + 101*q + 113. What is r(18)?
-13
Let n(s) = -7447*s - 67017. Give n(-9).
6
Let s(b) = -268*b**3 - 2*b + 3. Determine s(1).
-267
Let r(m) = -503*m - 45756. Determine r(-91).
17
Let s(f) = -203*f + 166. What is s(1)?
-37
Let o(m) = -2*m**2 + 1505*m - 19222. What is o(13)?
5
Let f(q) = 8*q**2 - 5*q + 21. What is f(5)?
196
Let j(q) = -491*q - 6386. Give j(-13).
-3
Let f(h) = 196*h + 3046. What is f(-16)?
-90
Let n(a) = a**2 + 2*a - 30. Calculate n(-6).
-6
Let z(f) = -f**2 + 16*f - 72. What is z(10)?
-12
Let v(h) = 3*h**2 - 12*h - 2. What is v(-5)?
133
Let h(o) = 2*o**2 - 51*o - 59. Give h(22).
-213
Let a(p) = 2*p**3 - 121*p**2 + 46*p - 157. Give a(60).
-997
Let v(g) = -g**3 - 23*g**2 - 245*g - 8397. Give v(-26).
1
Let n(t) = -t**2 - 41*t - 260. Give n(-28).
104
Let a(u) = u**3 + 6*u**2 - 22*u - 21. What is a(-9)?
-66
Let d(m) = -4216*m + 80102. Calculate d(19).
-2
Let b(a) = -33*a - 19. Calculate b(1).
-52
Let a(i) = i**3 + 2*i**2 - 83*i - 42. Give a(-10).
-12
Let k(p) = p**3 + 81*p**2 - 166*p + 43. Give k(-83).
43
Let s(u) = 1182*u + 21283. Determine s(-18).
7
Let d(q) = -q**3 + 43*q**2 - 88*q + 231. What is d(41)?
-15
Let m(f) = f**2 - 467*f - 8718. Determine m(-18).
12
Let s(a) = 7*a**3 - 4*a**2 - 6*a + 6. What is s(1)?
3
Let s(l) = -109*l - 11662. What is s(-107)?
1
Let h(f) = 4*f**3 - 41*f**2 - 12*f + 95. Determine h(10).
-125
Let f(k) = -125*k**2 - 651*k - 101. Give f(-5).
29
Let g(h) = 27*h + 52. What is g(-4)?
-56
Let f(z) = 3*z**3 + 214*z**2 + 72*z + 84. Give f(-71).
13
Let i(d) = -11*d + 310. Determine i(29).
-9
Let v(g) = -213*g - 63280. What is v(-297)?
-19
Let n(f) = 6*f + 7. Determine n(-2).
-5
Let v(p) = 5122*p - 66571. Determine v(13).
15
Let w(y) = 30*y + 3094. Calculate w(-103).
4
Let v(y) = -18*y**2 + 161*y - 16. Determine v(9).
-25
Let p(g) = 2*g**3 + 42*g**2 - 121*g - 1690. What is p(-22)?
4
Let q(n) = -29*n - 232. Determine q(-9).
29
Let f(p) = p**2 - 31*p - 27. Give f(34).
75
Let d(p) = -p**3 + p**2 - p + 85. What is d(0)?
85
Let v(b) = b - 179. Determine v(-10).
-189
Let n(h) = 356*h**2 - 13*h + 11. Calculate n(1).
354
Let k(t) = 8*t - 308. Calculate k(26).
-100
Let j(p) = 218*p + 11469. Give j(-53).
-85
Let f(w) = -w**2 - 66*w - 614. Give f(-12).
34
Let d(b) = -b**2 - 53*b - 645. Calculate d(-18).
-15
Let b(s) = 104*s + 1262. Calculate b(-12).
14
Let f(h) = 68*h**2 + 1222*h - 57. Calculate f(-18).
-21
Let n(y) = 137*y + 7699. Determine n(-56).
27
Let b(r) = 2*r**2 + 137*r + 1903. Determine b(-49).
-8
Let g(x) = 6*x**3 - 169*x**2 + 37*x - 97. Calculate g(28).
155
Let t(j) = 26*j + 299. Calculate t(-13).
-39
Let p(y) = 12574*y - 50271. Give p(4).
25
Let g(n) = n**3 + 3*n**2 - 110*n + 16. Calculate g(9).
-2
Let u(m) = -104*m**2 - 408*m + 23. Determine u(-4).
-9
Let o(p) = -12*p**3 + 335*p**2 + 10*p + 504. Determine o(28).
0
Let t(y) = 99*y**3 + 3*y**2 + 2*y - 5. What is t(1)?
99
Let r(z) = 29*z - 78. What is r(9)?
183
Let g(w) = -124*w - 20716. Calculate g(-167).
-8
Let p(t) = -t**3 + 23*t**2 - 70*t + 32. Determine p(20).
-168
Let a(x) = x**2 - 22*x - 11. Calculate a(4).
-83
Let p(g) = g**3 + 5*g**2 + 5*g + 96. Determine p(-6).
30
Let r(c) = -66*c - 6733. Calculate r(-102).
-1
Let q(r) = -16*r - 39. Give q(-5).
41
Let i(n) = 2*n**2 - 6327*n + 37880. Give i(6).
-10
Let q(f) = -3*f**2 + 175*f - 108. Calculate q(57).
120
Let v(r) = -59*r + 723. Give v(11).
74
Let w(z) = 156*z - 2025. Calculate w(13).
3
Let m(c) = -8*c**3 + 22*c**2 - 5*c + 5. What is m(5)?
-470
Let a(u) = -24*u - 1410. Determine a(-57).
-42
Let d(b) = b**2 - 59*b - 130. Give d(27).
-994
Let k(i) = 256*i - 8706. What is k(34)?
-2
Let l(d) = -274*d - 1821. Give l(-6).
-177
Let q(k) = -6*k**2 - 643*k - 7362. Determine q(-13).
-17
Let x(z) = -z**3 - 36*z**2 - 201*z + 57. What is x(-29)?
-1
Let a(s) = 108*s - 745. What is a(7)?
11
Let h(a) = 7945*a + 103284. What is h(-13)?
-1
Let l(u) = u**2 + 1058*u - 20461. Determine l(19).
2
Let t(x) = 48*x**2 - x + 965. What is t(0)?
965
Let u(s) = s**3 - 4*s**2 - 17*s + 27. Determine u(9).
279
Let y(u) = u**3 + 17*u**2 + 83*u + 96. What is y(-6)?
-6
Let w(d) = -2*d**3 + 6*d**2 + d + 1. What is w(-1)?
8
Let t(g) = -13*g - 508. Give t(-33).
-79
Let t(c) = -34*c - 1053. What is t(-27)?
-135
Let x(h) = 2*h**2 - 458*h + 454. What is x(1)?
-2
Let w(h) = -9*h**2 + 6*h. Determine w(-3).
-99
Let v(s) = 673*s - 10113. Calculate v(15).
-18
Let s(c) = 2*c**3 - 108*c**2 + 106*c + 33. What is s(53)?
33
Let r(x) = x**3 + 3*x**2 - 20*x - 61. Determine r(-4).
3
Let d(k) = -k**3 + 38*k**2 + 263*k + 51. What is d(44)?
7
Let i(m) = 7*m**3 - 131*m**2 - 37*m - 18. Calculate i(19).
1
Let i(o) = -5*o - 77. Give i(9).
-122
Let l(r) = -r + 15. Determine l(17).
-2
Let a(m) = -m**3 - 13*m**2 - 17*m - 26. Give a(-12).
34
Let q(d) = -21*d**2 + 17*d - 9. Give q(1).
-13
Let j(x) = -19*x**3 + 190*x**2 + 20*x - 206. Calculate j(10).
-6
Let p(j) = -j**3 + 10*j**2 - 26*j + 404. Determine p(11).
-3
Let i(k) = -12*k**2 + 113*k + 9. Give i(9).
54
Let o(q) = 2*q**3 - 68*q**2 - 5*q + 158. Determine o(34).
-12
Let m(r) = -2*r**3 - 6*r**2 - 803*r - 2403. Determine m(-3).
6
Let l(y) = 162*y + 3574. Give l(-22).
10
Let n(c) = -388*c - 4673. Give n(-12).
-17
Let d(i) = -i**3 + 35*i**2 + 340*i + 146. Give d(43).
-26
Let j(x) = 3*x**3 + 491*x**2 + 327*x + 138. Determine j(-163).
-25
Let p(u) = -u**2 - 26*u + 100. Determine p(5).
-55
Let t(j) = -561*j + 55544. Give t(99).
5
Let w(f) = -3*f**3 + 39*f**2 - 35*f - 58. What is w(12)?
-46
Let y(b) = b**2 + 37*b - 356. Determine y(-45).
4
Let k(w) = -w**3 + 83*w**2 - 1213*w - 12. Determine k(19).
45
Let o(d) = d**3 - 34*d**2 + 66*d - 66. What is o(32)?
-2
Let f(v) = -98*v + 2952. What is f(31)?
-86
Let j(f) = -22*f**2. Give j(-1).
-22
Let o(x) = -44*x - 1407. Give o(-32).
1
Let w(i) = -139*i - 15. Determine w(-3).
402
Let s(p) = 12*p - 250. Determine s(0).
-250
Let l(f) = -f**3 - f**2 + 6*f + 58. Determine l(4).
2
Let t(v) = -16*v**2 + 9*v - 38. What is t(3)?
-155
Let p(i) = i**2 - 28*i - 214. Determine p(34).
-10
Let j(x) = x - 40. What is j(-48)?
-88
Let c(d) = 6*d - 100. What is c(17)?
2
Let n(p) = -178*p**2 + 2126*p - 4. Calculate n(12).
-124
Let v(p) = p**3 - 85*p**2 + 872*p + 265. Give v(73).
-27
Let v(k) = k**2 - 43*k + 155. Calculate v(4).
-1
Let m(c) = -86*c**3 - 3*c + 1. Determine m(1).
-88
Let k(a) = 120*a**3 + 3*a**2 - 17*a + 26. Determine k(2).
964
Let c(y) = 10*y**3 - 24*y**2 + 50*y + 4. Determine c(2).
88
Let s(x) = -3*x**2 - 135*x + 320. Determine s(-47).
38
Let i(m) = 5*m**2 - 83*m - 1604. Calculate i(28).
-8
Let m(k) = -31*k + 2556. Give m(81).
45
Let o(c) = -71*c - 3128. Calculate o(-44).
-4
Let o(c) = 2*c**2 - 120*c + 175. Calculate o(58).
-57
Let u(c) = -319*c + 946. What is u(3)?
-11
Let u(x) = -x**3 - 85*x**2 - 703*x - 1445. Give u(-76).
-1
Let l(d) = -557*d + 3922. Give l(7).
23
Let c(v) = -v**2 - 90*v + 180. What is c(-92)?
-4
Let c(p) = p**3 + 15*p**2 - 37*p - 175. Give c(-17).
-124
Let n(x) = x**3 